ose 44*p + 22859 - 4076931 = 0. What are the prime factors of p?
2, 23, 2003
Suppose -6 = 23*o - 6. Suppose -3*c + 6 = 0, -a - 2*a - 4*c + 584 = o. What are the prime factors of a?
2, 3
Let u = -32085 - -57364. What are the prime factors of u?
17, 1487
Suppose 4*u - 11 = 45. Suppose 5*n + 2*f = 233, 4*f - u = 2. Suppose -r + 172 = n. What are the prime factors of r?
127
Suppose -2*v = -w - 22, 5*v + 23 = -3*w - 10. List the prime factors of (1038/(-24) + -6)/(2/w).
2, 197
List the prime factors of (-5)/10*4 - (1 + -12039).
2, 3, 17, 59
Let n(q) = 15 + 4 - 13*q + 12*q. Let m be n(4). Suppose -m + 4 = 2*j + 5*o, -4*j + 14 = -2*o. What are the prime factors of j?
2
Let z = -30684 + 45853. List the prime factors of z.
7, 11, 197
Let f(p) be the second derivative of -13*p**5/5 - 11*p**4/12 - 8*p**3/3 + p**2 - 93*p. List the prime factors of f(-2).
2, 7, 29
Let b(t) be the first derivative of 32*t**4 - t**3/3 - 3*t**2/2 + 3*t + 6. Suppose 5*q - 8 = -h, 2*h = 5*q - 0*h + 1. List the prime factors of b(q).
127
Let v = -2 - -5. Let s be (-34)/16 + 2 - 45870/(-240). Suppose -300 = -v*f - 2*y - y, 0 = 2*f + 5*y - s. What are the prime factors of f?
103
Let a = -932 - -345. Let h = a + 886. What are the prime factors of h?
13, 23
What are the prime factors of 132*((-18)/9 - -38)?
2, 3, 11
Let t be (-5 - (-11 - -5))*27/(-1). What are the prime factors of (-16 - t)/((-3)/(-57))?
11, 19
Let s(u) = -4*u**3 - 170*u**2 + 50*u + 41. Let h(q) = -q**3 - 42*q**2 + 13*q + 10. Let v(i) = 9*h(i) - 2*s(i). What are the prime factors of v(-39)?
2, 433
Let s(k) = -7*k + 65*k**2 - 30*k**2 + k + k**3 - 30*k**2. Let x be s(-6). Suppose g + 42 - 132 = x. What are the prime factors of g?
2, 3, 5
List the prime factors of -1839*(4 - 2)/(9 + (-3537)/387).
43, 613
Let z = 35 - 32. Suppose -4*w + 10 = -2*w - 2*x, -3*w - x + z = 0. Suppose 5*b = -k + 6, -56 = -4*k - w*b + 58. List the prime factors of k.
31
Let i = -445 - -449. Suppose i*c - 4*o = -0*o + 3828, 0 = -3*o - 9. List the prime factors of c.
2, 3, 53
Suppose 0 = 15*w - l - 366837, 3*w - 73377 = 50*l - 53*l. List the prime factors of w.
2, 3, 1019
Let i be ((-2)/1)/(((-8)/(-14))/(-2)). Suppose 1880 = a + i*a. List the prime factors of a.
5, 47
Let i(p) = p**2 - 158. What are the prime factors of i(26)?
2, 7, 37
Suppose 0 = -2*n - 4 + 2. Let y(x) = -175*x**2 + x. Let v be y(n). Let d = v - -261. List the prime factors of d.
5, 17
Suppose 0 = -32*y + 54006 + 78794. List the prime factors of y.
2, 5, 83
Let k(g) = -g**3 + 22*g**2 + 47*g - 37. Let p be k(18). Suppose -4*s + 4177 = -5*o, 23*s + p = 25*s + 3*o. What are the prime factors of s?
2, 131
What are the prime factors of ((-10185)/126 + 4/(-6))*216/(-3)?
2, 3, 163
What are the prime factors of (-2 - -14)/(-12)*(-326)/2?
163
Let x be 219*(-39)/26*(1 - 3). List the prime factors of (x/15)/((21/(-245))/(-3)).
3, 7, 73
Let b(u) = -2*u**2 - 35*u + 31. Let o be b(-19). List the prime factors of (o/39)/((-3)/144).
2
Let w(b) = 80*b**2 - 11*b - 14. Let a be w(-4). Suppose -a - 3212 = -19*z. What are the prime factors of z?
2, 7, 17
Let f be (-96)/(-108)*18/4. Suppose -r = 4*y - 525, -f*r + 4*y + 887 + 1113 = 0. List the prime factors of r.
5, 101
Let g(q) = q**3 - 90*q**2 + 54*q - 719. What are the prime factors of g(90)?
41, 101
Let d(v) = v**3 + 70*v**2 + 385*v - 226. List the prime factors of d(-61).
2, 4889
List the prime factors of (-1)/4 + 5639964/176.
5, 13, 17, 29
Suppose -3*g + 3*w = -2271, -g - 4*w = -341 - 391. Suppose 22*a - 1250 = g. List the prime factors of a.
7, 13
Let n = -34222 - -61479. What are the prime factors of n?
97, 281
Suppose -14*r - 1129 = 1181. List the prime factors of (-21 - -20)/(1/r).
3, 5, 11
Let c be (4/(-8))/(5/10). What are the prime factors of (c - (-24)/9)*519?
5, 173
What are the prime factors of (299 - 304)*(57*19)/(-5 + 4)?
3, 5, 19
Let w(a) = 3*a - 6. Let z be w(-9). Suppose 3*o + 95 = -5*s + o, -s - 5*o = -4. Let t = s - z. List the prime factors of t.
2, 3
What are the prime factors of (0 - 3202/(-1)) + (39 + -79)/(-8)?
3, 1069
Suppose -15*g - 66 = 69. Let a(k) = -84*k - 70. List the prime factors of a(g).
2, 7
Suppose -2*m + 27 = -t - 277, -289 = t - 5*m. Let w = -108 - t. List the prime factors of w.
2, 103
Let u = 7692 - -23875. What are the prime factors of u?
31567
Let i(a) = 20*a**2 + 33*a - 5. Let q be i(5). Suppose -5*f + 25*f = q. List the prime factors of f.
3, 11
What are the prime factors of 2332 + -2 - (-17 - -17)/2?
2, 5, 233
Let u be (3 + 0/4)*2/3. What are the prime factors of u + -1 + (-44 + -4)*-1?
7
Let g = -53 + 55. Suppose g*j = -3*j + 10, 0 = -2*l + 4*j - 18. Let t(u) = 5*u**2 - 2*u - 7. What are the prime factors of t(l)?
2
Let d(o) = o**2 + 8*o - 6. Suppose -34 + 10 = -12*r. Let k be (0 + 6)/r + 2. What are the prime factors of d(k)?
59
Suppose 4*p - 6*p + 20 = 0. Suppose -13*s = -p*s - 9. Let y = s - -8. List the prime factors of y.
11
Suppose -2*r + 3 = -2*h + 17, 5*r - 7 = -2*h. Suppose -h*k - 40 = -10*k. Suppose -2*y - 5*b = -102, 10*b = 5*b - k. List the prime factors of y.
2, 7
Suppose 5*p + 4*v - 14 = 0, -4*p + 2 = -5*p + 4*v. Let o be p/(-11) + (-70443)/(-297). Suppose -13*w = -16*w + o. List the prime factors of w.
79
Suppose 5*f - 6*l + l = -8630, f + 4*l + 1736 = 0. What are the prime factors of f/(-4) + -1 + 15/5?
2, 7, 31
Let k(w) be the first derivative of -86*w**2 - 192*w - 180. What are the prime factors of k(-4)?
2, 31
Suppose 32*c - 20*c + 378090 = 57*c. List the prime factors of c.
2, 4201
Let i be (-29)/(-7) + 78/91. Suppose -2*d = 4*f - 1494, 25*d - i*f = 26*d - 759. What are the prime factors of d?
739
Suppose 2*y - 19765 = -9*i + 6*i, -5*i - y + 32937 = 0. What are the prime factors of i?
7, 941
Let j = 81 - 79. Suppose 2*o - 3*o + 772 = 2*r, -752 = -o + j*r. List the prime factors of o.
2, 3, 127
Let b(p) = 326*p - 454. List the prime factors of b(99).
2, 5, 37, 43
Let g = -7651 - -7653. Let y be ((-2)/(-5))/((-1)/(-5)). Suppose y*z - 4*b = 338, 1 = b + g. What are the prime factors of z?
167
Let n(a) = -493*a + 4. Let y be n(-1). Suppose -2*b - 1511 = -3*i, -b - y = -i + b. List the prime factors of i.
3, 13
Let r = 1877 - 750. Suppose 3*c - 245 = -3*k + 448, r = 5*c - 2*k. What are the prime factors of c?
227
List the prime factors of 283334/22 - 352/(-1936).
3, 53
Suppose -5*u = -5*y - 0*u + 15, -3*y - 4*u + 9 = 0. What are the prime factors of (-2 - (-9)/y)*1398/6?
233
Suppose -5*a - a - 30 = 0. Let z(q) = -82*q - 81. What are the prime factors of z(a)?
7, 47
Suppose 2*m + 2*m - 16295 = -z, 5*m = -4*z + 20366. What are the prime factors of m?
2, 3, 7, 97
Let b be 2/(-9) - 56927/(-9). Suppose 5*y - 2*u - 602 = -b, 3*y = -u - 3425. What are the prime factors of y/(-27) - (-1)/(2 + -5)?
2, 3, 7
Suppose -898 = -4*r + o + 2985, 5*r - 3*o - 4845 = 0. Suppose -6*x - 3*x + r = 0. What are the prime factors of x?
2, 3
Suppose -2*u + 3516 = 5*j, -5*u + 10224 - 1455 = 2*j. Suppose 0 = 3*k + d - u, 5*k = 3*d + 1432 + 1499. What are the prime factors of k?
3, 5, 13
Let t(f) = -28*f**2 - 1097*f + 73. What are the prime factors of t(-35)?
2, 521
Suppose 4*x - 31 = 3*u, -3*x + 6*u = 5*u - 27. List the prime factors of (-31 + 35)*(1 - x/(-4)).
2, 7
Suppose -4*n + 659 = -3421. Suppose 0 = -5*d + 3*l - 0*l + 2498, -2*d - 4*l = -n. List the prime factors of d.
2, 251
Let g = 489 - 159. Let w = -258 + g. What are the prime factors of w?
2, 3
Let f(i) be the second derivative of i**5/5 - i**4/3 - 3*i**3/2 + i**2/2 - 41*i. List the prime factors of f(5).
2, 89
Let w = -22670 - -32489. What are the prime factors of w?
3, 1091
Let y = 2406 - -4463. What are the prime factors of y?
6869
Suppose -o + 5*m + 45 = 0, -5*m + 74 = 2*o + 29. Let h be 240*(69/o + 4/8). Suppose 6*d = 12*d - h. List the prime factors of d.
2, 7
Let v = 10401 - 5000. What are the prime factors of v?
11, 491
Suppose 0 = 2*n - 5*s - 22, -7 + 19 = n - 3*s. Suppose h - 12 = -4*j, -3*j + n*h - 10 = 2*h. List the prime factors of j.
2
Let q be -2*((-3 - -2) + 5). Let o(k) = k**2 + 14*k + 50. Let t be o(q). Suppose -t*c + 4*i + 145 = 5*i, -280 = -4*c - 4*i. List the prime factors of c.
3, 5
Let u = 33730 - -2779. What are the prime factors of u?
11, 3319
Let v(c) = -6*c + 55914. List the prime factors of v(0).
2, 3, 9319
Suppose -7*s 